 + 4*z - 16 = -0*z, d = -2*j - z + 9. Calculate the greatest common factor of t and j.
5
Let t be (1 + -4)/(1 + 0). Let p(g) = 4*g**2 + 3*g - 1. Let w be p(t). Let n be (-1 - 1)*(1716/8)/(-11). Calculate the highest common divisor of w and n.
13
Let o = -105 - -258. What is the highest common factor of o and 34?
17
Let i(w) = 12*w - 234. Let u be i(25). Calculate the greatest common factor of 462 and u.
66
Suppose -f + 5*l + 9 = 0, -3*f + f - 2*l = -18. Suppose 2*o + 3*i - 60 = 0, o - 3*o = 4*i - 56. Calculate the greatest common factor of o and f.
9
Let w(y) = y**3 + 8*y**2 - 20*y + 23. Let r be w(-11). Let t = 163 + r. What is the highest common factor of 344 and t?
43
Let q = -4306 + 6225. Calculate the greatest common divisor of q and 101.
101
Suppose 2*v + 4*b = 148, 0 = -2*v + 4*b + 97 + 59. Calculate the highest common divisor of v and 95.
19
Let s = -65 + 273. Suppose 63 = -5*q + s. Let t be q/2 + 6/4. What is the highest common divisor of t and 16?
16
Let m(b) = 108*b**2 - 5*b + 5. Let g be m(1). Suppose 6*o = 2*o + g. Calculate the highest common divisor of o and 3.
3
Let g = 8 + -6. Suppose -100*w = -4*p - 103*w + 11, 0 = -p + w + 1. What is the greatest common factor of g and p?
2
Suppose 2*s - 2*j - 8 = 0, -4*s - 1 + 5 = 2*j. What is the greatest common divisor of s and 142?
2
Let h = -274 - -334. Suppose -x - 4*x - 4*l + 55 = 0, -55 = -3*x + 2*l. What is the highest common divisor of h and x?
15
Let b be (21 - 15)*91/3. What is the highest common factor of 42 and b?
14
Let x(u) = -u**2 - 6*u - 1. Let c be x(-3). Suppose 0*a = -4*a + c. Suppose -5*z + a + 78 = 0. What is the highest common divisor of z and 144?
16
Let f be -3*(65/45 + 3)*-3. What is the highest common factor of f and 100?
20
Suppose -2*b - 3*b + 45 = 0. Suppose 0 = 10*d - b*d - 2. Suppose 0 = d*f + 4*w + 8, -2*w + 0*w = 4*f - 8. Calculate the greatest common factor of 10 and f.
2
Let g be (-14)/(-3) + 2/6. Let z be (2/2)/(10/100). Suppose 0 - z = -2*c - 4*b, 2 = b. What is the highest common factor of g and c?
1
Suppose -14 - 1 = -v. Suppose 106 - 8 = 7*p. Let i = p - 9. What is the highest common factor of v and i?
5
Let y = -99 - -163. Calculate the highest common factor of 8 and y.
8
Suppose -a - 245 = -2*c, 2*c = -7*a + 9*a + 248. Calculate the greatest common divisor of 1 and c.
1
Let s = 77 + -32. Let b = 89 - s. Calculate the highest common divisor of b and 4.
4
Let x = 41 + 30. What is the greatest common divisor of x and 142?
71
Suppose -r + 665 = -j + 2*j, -3*j = 3. What is the greatest common divisor of 74 and r?
74
Suppose r = 3*r - 8. Let f = -56 + -3. Let u = f - -67. What is the greatest common divisor of u and r?
4
Let g(n) = -5*n - 1. Let z be g(3). Let r = z + 34. Suppose j - 8 + r = 5*l, 0 = -l + 3. Calculate the greatest common divisor of 45 and j.
5
Suppose c = -c + 100. What is the highest common divisor of 400 and c?
50
Let h = -115 - -117. Suppose -6*v + 12 = -3*v. Suppose 4*y - 64 = -v*n, -n + 27 = 4*y + h. Calculate the greatest common divisor of n and 39.
13
Let u(a) = 42*a**2 + 5*a. Let d be u(-4). Suppose -m - 3*m + d = 2*p, -5*m + 813 = 3*p. What is the highest common divisor of m and 15?
15
Let j(y) = 28*y**3 - 23*y**2 + 63*y + 2. Let h be j(3). Calculate the greatest common factor of h and 222.
74
Let g be -10*(-5)/(125/10). Suppose 0 = 4*b - i - 3*i - 636, 639 = g*b - 5*i. Calculate the greatest common factor of 39 and b.
39
Suppose 3*a + 56 = -a. Let m = 21 - a. Suppose 0*q = 5*o + q - m, -5*o = -2*q - 20. What is the highest common divisor of 54 and o?
6
Let w be (5/6)/(3/18). Suppose n + 0 = w. Let k = n - -18. What is the highest common factor of 92 and k?
23
Suppose -135*p + 3751 = -132*p - 2*b, 3*p - 3750 = 3*b. Calculate the highest common divisor of p and 139.
139
Let u(a) = -3*a - 3. Let h be u(-5). Let s be 2*(-1 - (-1 - -1)). Let r(n) = -3*n + 2. Let m be r(s). What is the highest common factor of h and m?
4
Let g = 1546 - 1104. What is the highest common divisor of 34 and g?
34
Suppose -3*j - h + 29 = -0*j, -3*j - 2*h = -31. Let y(b) = b**2 - 8*b + 9. Let f be y(j). Calculate the highest common factor of f and 126.
18
Let j be (-1)/1 + (7 - 8). Let w = j + 62. What is the greatest common factor of w and 40?
20
Let k(w) = 1. Let m(b) be the first derivative of 10*b**2 + 8*b - 3. Let z(g) = 5*k(g) - m(g). Let l be z(-6). What is the highest common divisor of l and 13?
13
Suppose 3*u = o - 0*u + 217, 4*o - 4*u + 884 = 0. Let q be (-5)/15 + o/(-3). Calculate the highest common factor of 185 and q.
37
Suppose 10 = y - 2*s - 4, -4*s - 76 = -5*y. Let d be 6 + (-1 + -1 - 0). Calculate the highest common divisor of y and d.
4
Suppose 0 = 5*v - 5*z - 754 - 606, 2*v - 4*z - 536 = 0. What is the greatest common divisor of v and 24?
12
Let g be (-42)/4*16/(-12). Let o = 17 - 14. Let c be -8*(6/(-8))/o. Calculate the greatest common factor of c and g.
2
Suppose -n + 113 = 2*a - 72, -n = 3*a - 190. Suppose 9*o - 4*o = n. What is the highest common divisor of 7 and o?
7
Let t(u) = u**3 + 10*u**2 + 8*u - 10. Let m be t(-8). What is the highest common factor of m and 12?
6
Let l(w) = -w**3 - 11*w**2 + 26*w + 3. Let i be l(-13). What is the highest common factor of 192 and i?
3
Suppose -2*m = -4, -4*x - 6*m + m = -74. Let s = -23 - -23. Let o = s + x. Calculate the greatest common divisor of o and 4.
4
Suppose 0 = 2*s - 2*p - 5 + 1, -2*s + 4*p - 2 = 0. Suppose -2*z - 25 = 4*w - s*w, 3*z = 3*w - 81. Calculate the highest common factor of 87 and w.
29
Suppose 0 = 2*z + z + 5*f - 227, 77 = z + 3*f. Calculate the highest common factor of 555 and z.
37
Let f = -1265 + 1331. Calculate the highest common factor of f and 858.
66
Suppose -p = -v - 13, 32 - 11 = -v - 3*p. Let u be v/(-2)*6/3. Suppose -n + 17 = -u. What is the highest common divisor of 8 and n?
8
Suppose 3*x = 3*z + 75, 15*x + 2*z = 20*x - 110. What is the highest common factor of 60 and x?
20
Suppose z - 4*m = 131, z - 16*m - 116 = -15*m. What is the highest common factor of 3 and z?
3
Let t(z) = 10*z**2 - 12*z + 4. Let k be t(-4). Calculate the highest common factor of 1378 and k.
106
Suppose 7 + 3 = 2*m. Suppose 10 = -5*q - m*x, q + 17 = 5*q - x. What is the highest common factor of q and 3?
3
Let a(p) = 9*p**2 + 3*p - 2. Let v be a(2). Let x(z) = -z**3 + 4*z**2 + 51*z - 194. Let j be x(4). Calculate the highest common factor of v and j.
10
Let u = -1468 + 1480. Calculate the highest common divisor of 138 and u.
6
Suppose 3*q + 0*q - 6 = 0. Suppose -p = q*p. Suppose 3*j + 3*j - 162 = p. Calculate the greatest common factor of 27 and j.
27
Let i = -7 + 9. Suppose r = -3*g + 23, g = -i*r - 2 + 18. Suppose 5*o - 27 = 63. Calculate the highest common divisor of o and g.
6
Let q(o) = -7*o - 1. Let u be q(-2). Suppose -14*x = -10*x - 12. Suppose 0 = -p - x*p + 312. What is the highest common divisor of p and u?
13
Let x(q) = 10*q + 238. Let j be x(44). Calculate the highest common divisor of j and 6.
6
Let g be (119/35 - 3)*(-26 + 1). Let x be ((-8)/g)/2 + (-2220)/(-75). What is the greatest common divisor of x and 10?
10
Let i(q) = q + 4. Let r be i(-5). Let n be 17 - (r + (-1 - -6)). Calculate the highest common factor of n and 13.
13
Let r(w) be the first derivative of w**2/2 + 6*w - 6. Let b be r(-10). Let l be (-1 - b)/((-45)/(-210)). What is the highest common factor of l and 126?
14
Let j be (-45)/(-18) - (-9)/6. Calculate the greatest common factor of j and 76.
4
Let o(j) = -83*j - 13. Let d be o(-2). What is the greatest common factor of d and 34?
17
Let d(v) = v**3 + 45*v**2 - 48*v - 81. Let z be d(-46). What is the highest common factor of z and 8?
1
Let s = -199 - -595. Calculate the greatest common divisor of 44 and s.
44
Suppose -95*c + 99 = -92*c. Let x be 1/4 - (-2374)/8. Calculate the highest common factor of x and c.
33
Suppose 3*s + 20 = 8*s. Suppose -87 = -3*o - s*h + 190, 5*h - 460 = -5*o. Calculate the greatest common divisor of o and 13.
13
Let f be 13 - ((4 - 7) + 0). Let n = 16 + -23. Let b be 2/n - (-120)/28. What is the highest common divisor of b and f?
4
Suppose -4*l = -133 + 37. Suppose q + 8 = 2*c - 3*q, -3*c + 5*q + 9 = 0. Let f be (-36)/c*8/l. What is the greatest common divisor of f and 24?
6
Let x(q) = 25*q + 449. Let v be x(-17). What is the gre